-94*l. Suppose -y - 7*a = -10*a + 1, a = l*y + 3. Let t(q) = -4*q**3 - q - 1. Give t(y).
4
Let s(c) be the first derivative of 0*c - 14 + 5/2*c**2 - 1/12*c**4 - 1/12*c**5 - 1/120*c**6 - 7/6*c**3. Let w(z) be the second derivative of s(z). Give w(-5).
3
Let q(h) = -2224*h**2 + 0 + h**3 + h + 2224*h**2 + 0*h - 4. Calculate q(0).
-4
Suppose 0*i - 12 = 3*i. Let f(y) be the third derivative of -y**4/24 - y**3/3 + y**2 - 9*y - 112. Give f(i).
2
Let m(t) be the first derivative of t**3/3 + 13*t**2/2 + 48*t - 3962. What is m(-7)?
6
Let o(n) be the second derivative of -n**5/20 - n**4/3 + n**3/6 - 5*n**2 + 810*n. Calculate o(-5).
10
Suppose 5*c = 2*c + 3. Let v(b) be the second derivative of b**6/36 - b**5/60 + b**4/24 + 4*b**3/3 - 11*b. Let a(f) be the second derivative of v(f). Give a(c).
9
Let h(c) = c + 1. Let b(f) = 15. Let p(y) = -32. Let v(l) = -5*b(l) - 2*p(l). Let i(a) = h(a) - v(a). What is i(-13)?
-1
Suppose -i + 2*d + 15 - 29 = 0, 4*d = 5*i + 40. Let p(m) = -m**3 - 4*m**2 - 2*m - 1. What is p(i)?
7
Let t(m) = m**2 - 12*m + 21. Suppose 0 = 6*n + 17*n + 2967. Let o = 138 + n. What is t(o)?
-6
Let b(v) = -220*v - 64. Let w(f) = -51*f - 16. Let o(m) = -6*b(m) + 26*w(m). Determine o(10).
-92
Let g(q) be the first derivative of -q**3/3 + 15*q**2/2 - 17*q + 4242. What is g(16)?
-33
Let d(o) be the second derivative of -o**4/12 - o**3/3 + o**2/2 - 3439*o. Let w = 7 - 11. Give d(w).
-7
Let q(g) = -10*g**2 - 82*g - 10. Let z be ((-1612)/39)/31*6. Determine q(z).
6
Let w(c) = c**3 - 8*c**2 - 11*c + 4. Let s = -47468 - -47475. Give w(s).
-122
Suppose -13*g + 17*g = 100. Suppose -29*p - 40 = -g*p. Let b(w) = 3*w**3 - 3*w**2 + 13*w**2 + 3 - 2*w**3 - 4. Determine b(p).
-1
Let q(k) = -31*k + 116*k + 2 - 84*k - 4 - 11. Give q(-8).
-21
Let y(g) = -g**3 - 2*g + 2. Let k(f) = 114*f - 198. Let j be k(18). Suppose 4*m = 1842 - j. Calculate y(m).
35
Let z = -18624 - -18633. Let f(u) = 2*u**3 - 16*u**2 - 20*u - 8. Calculate f(z).
-26
Let t(v) be the second derivative of -2*v**3/3 + 47*v**2/2 + 17*v + 14. What is t(14)?
-9
Let y = 604 - 1311. Let k = y + 710. Let r(i) = -i**3 + 5*i**2 - 3*i + 1. Determine r(k).
10
Let j(u) = -u - 5 + 5*u - 2*u - 3*u. Let w = -3 - -8. Suppose -a - w*i = -19, -1 + 3 = -2*a - 2*i. Give j(a).
1
Let h(p) = 2*p**3 - p - 1. Let k(r) = 18*r**3 - r**2 - 7*r - 7. Let d(g) = -6*h(g) + k(g). What is d(-1)?
-7
Suppose 0 = 289*j - 320*j - 62. Let b(u) = 2*u - 1. Let g(v) = v. Let d(z) = b(z) - 3*g(z). Give d(j).
1
Let m(v) = -5*v**3 - 12*v**2 - 8*v + 1. Let t(j) = -14*j**3 - 35*j**2 - 24*j + 3. Let p(h) = 11*m(h) - 4*t(h). Suppose 0 = -7*b + 10*b + 8 + 13. Determine p(b).
-8
Let a(i) = -2*i - 184*i**3 + 94*i**3 + 0*i + 1 + 89*i**3. Let f = 88 - 85. What is a(f)?
-32
Let x be 4/(-2) - (-12 - (-6 - 0)). Suppose -o = -x + 8. Let m(y) be the second derivative of y**3/6 + 2*y**2 + 115*y. What is m(o)?
0
Let y(g) = 2*g**3 - 2*g**2 + 13*g + 34. Let z be y(-2). Let p(u) = -u - 29. What is p(z)?
-13
Let x(d) = 15 - 4*d + 37 - 3 + 6. Calculate x(13).
3
Let r(b) = b**2 - 6*b - 16. Let i(o) be the third derivative of -o**6/120 - 17*o**5/30 - o**4/24 - 13*o**3/3 - 3*o**2 + 29*o. Let p be i(-34). What is r(p)?
0
Let m(s) = -13*s**3 - 11*s**2 - 24*s - 62. Let a(j) = 49*j**3 + 44*j**2 + 96*j + 247. Let c(y) = -4*a(y) - 15*m(y). Determine c(-9).
-4
Let c(f) = -f**3 - 6*f**2 - 4*f + 3. Suppose 509*o = 495*o - 196. Let x(t) = t**2 + 20*t + 79. Let n be x(o). What is c(n)?
-2
Suppose -3*g + 17 = 4*o, -4*o + g + 11 + 10 = 0. Let i(b) = b**3 - b**2 - 9*b + 16. Give i(o).
71
Let g(z) = -z**2 + 14*z + 138. Let c be ((-27)/(-6) + -5)/(11/154). What is g(c)?
-9
Let o(l) = 35*l**2 - 37*l**2 - 21*l - 8364 + 8306. Give o(-6).
-4
Suppose -4*d + 5*p - 6 = 18, 0 = -4*p - 16. Let r be (-4)/(-22) - (-46)/d. Let n be 4/5*(-10)/r. Let o(c) = -2*c**3 + c**2 + 3*c - 1. Determine o(n).
-7
Let j = -430 - -434. Suppose j*x = 2*p - 30, 0*x + 4*p - 30 = 2*x. Let t(k) = 2*k + 1. Give t(x).
-9
Let t(s) = 7088 - 7*s**2 - 14171 + s**3 + 7089 + 5*s - 8*s. What is t(6)?
-48
Let n(g) = -g**3 - 14*g**2 - g - 9. Let w be n(-14). Let r(l) = w*l + 21 - 21*l**2 + 22*l**2 - 14. Calculate r(-4).
3
Suppose 145*r = 125*r. Let a(v) = -v**3 + v**2 - 4*v - 10. Give a(r).
-10
Let j(z) = -6*z**2 - 167324 - 2*z + 83665 + 83664. Determine j(-4).
-83
Let z be ((-12)/(-5))/((-28)/(-105)). Suppose v - 2*j + 8 = 0, -4*v - v - 4*j + 16 = 0. Suppose 3*w + 12 - z = v. Let h(n) = -11*n - 1. Determine h(w).
10
Let l(r) = -3*r - 41. Suppose 0 = -36*j - 1072 + 532. Give l(j).
4
Suppose 10*g - 5 = 35. Suppose -2 = -3*p + g. Suppose -p*m - m + 3*a = 9, 5*m + 12 = 2*a. Let r(l) = l**3 + 2*l**2. Calculate r(m).
0
Let f(z) = -370*z**2 + 45*z + 28. Let u(n) = 39*n**2 - 5*n - 3. Let h(j) = 2*f(j) + 19*u(j). Give h(11).
65
Let m(r) = 2*r**3 - 18*r**2 + 28*r + 5. Let n = -24 - -31. Let o be m(n). Suppose v = 2*v - y - 3, 4*v - 9 = o*y. Let j(k) = k**3 - 5*k**2 - 5*k - 5. Give j(v).
1
Let z(f) be the second derivative of -f**5/20 - 5*f**4/12 - f**3/2 - 2*f**2 + 5517*f. Let b = 4 - 9. Give z(b).
11
Let i(w) = -9*w - 97. Let x(j) = -9*j - 154. Let t(y) = -3*i(y) + 2*x(y). Determine t(3).
10
Let x(n) = 2 - 11*n**2 + 2 - 40 + 7*n + 2 + 32. Determine x(1).
-6
Let p(z) = z**3 + 22*z**2 + 11*z - 230. Let q be p(-21). Let n(o) = 4*o + 75. Calculate n(q).
-5
Suppose -r - 2*r - 9 = 0. Let q(h) = -2*h + 5. Let j(g) = -5*g + 14. Let z(n) = r*j(n) + 8*q(n). Give z(3).
-5
Suppose 3*q + 89 = 68. Let x(r) = r**2 + 4*r - 15. Let d be x(q). Let y(t) = t**2 - 3*t + 7. What is y(d)?
25
Suppose 19*n - 6*n = 65. Suppose d + 4 = 0, -n*y + 9*y = -2*d + 28. Let v(h) = -h**2 + 10*h - 5. Give v(y).
4
Suppose -16*h = 1422 - 1310. Let d(u) be the second derivative of -u**5/20 - 2*u**4/3 - 7*u**3/6 - 5*u**2 + u. Give d(h).
-10
Suppose 0 = -0*k + 2*k - 10. Let q = 4859 - 4856. Suppose -o + k*z = 3, -2*z - q = -o - 3*z. Let x(b) = 2*b**3 - 2*b**2 - 2*b + 2. Give x(o).
6
Suppose -3 = 3*n + 3*u, 3*n + u = -0*n - 1. Let b(i) = -i**2 + 3 - 2 + 2*i**2 + n - i**3. Let r(x) = 2*x**2 + 8*x - 8. Let d be r(1). Determine b(d).
-3
Let r(h) = 1414*h**2 - 5*h - 4242*h**2 + 1411*h**2 - 11 + 1411*h**2 - h**3. Calculate r(-6).
19
Let z(l) = -3*l - 1. Let c be (-14)/(-35) + (-177)/5. Let a = c + 64. Suppose 0 = -6*o + a - 11. Give z(o).
-10
Let x(d) be the second derivative of d**4/12 + 2*d**3 + 9*d**2/2 + 5677*d. Determine x(-9).
-18
Let q(g) = -g**3 - 6*g**2 - 4*g + 2. Let w be q(-5). Let m(h) = 14*h**2 - 4*h + 2. Let l(a) = 19*a**2 - 5*a + 2. Let k(x) = 3*l(x) - 4*m(x). Give k(w).
4
Let s = 34 - 20. Suppose s = -2*k + 24. Let t(q) = 9*q**2 - 14*q + 19. Let j(f) = 5*f**2 - 7*f + 10. Let h(d) = 7*j(d) - 4*t(d). Determine h(k).
4
Suppose -229*k - 712 = -25. Let d(t) = 3*t**2 + 10*t + 17. What is d(k)?
14
Let w(q) be the first derivative of -q**2/2 - 9*q + 1172. Calculate w(-2).
-7
Let d(h) = h**3 - 7*h**2 + 6*h - 1. Suppose 0 = 4*l - 3*t + 577, l - 5*t + 3*t + 143 = 0. Let p = l + 151. Determine d(p).
-1
Let y(d) = -2*d + 17. Suppose m + 3*k - 11 = 0, 6*k = 3*m + 4*k - 33. Let z(a) = m*a - 2*a - 35 - a - 3*a. Let n(s) = -7*y(s) - 3*z(s). Give n(-13).
-1
Let x(v) = -2*v**3 - 61*v**2 - 5*v - 36. Let l(c) = c**3 + 30*c**2 + 2*c + 17. Let r(n) = 5*l(n) + 2*x(n). What is r(-28)?
13
Suppose -3*s + 25 = 2*y - 0, 3*s - 19 = y. Suppose -3*a - 2 - s = 3*i, 0 = 3*i + 5*a + 9. Let q be (-22)/(-33) - i/(9/(-2)). Let t(u) = u + 13. Determine t(q).
13
Let m(f) be the second derivative of -f**5/30 - f**4/24 - f**3/6 + 78*f**2 + 49*f. Let c(g) be the first derivative of m(g). Give c(-1).
-2
Let z(r) = -7 - 4*r + 19*r - 9*r - r - 4*r. What is z(0)?
-7
Let h(p) = p**3 - 5*p**2 - 17*p + 76. Let k be -5*54/162*(-24)/10. Give h(k).
-8
Let b(m) = -13*m**2 + m. Let w = 15 - 48. Let v = w + 32. What is b(v)?
-14
Suppose -i + 4*i - 9 = 0. Let q(k) = -6*k + 2. Let x(j) be the second derivative of 7*j**3/6 - j**2 + 539*j. Let z(t) = i*x(t) + 4*q(t). Calculate z(2).
-4
Let x = -16240 - -16272. Let c(l) = l**3 - 30*l**2 - 65*l + 46. Give c(x).
14
Let x be 144/5 + -4*(-1)/(-5). Let p(v) = -6*v**2 + 169*v - 33. Determine p(x).
-5
Let h = -106771 + 106773. Let z(o) = -o**2 + 4*o**3 - 3 + o + 1 - 2*o**3. Give z(h).
12
Let b = 5471 - 5464. Let h(v) = -v**3 + 4*v**2 + 13*v + 4. Give h(b).
-52
Let y(x) be the 